{"id":30,"date":"2015-12-29T14:33:08","date_gmt":"2015-12-29T13:33:08","guid":{"rendered":"http:\/\/muzeum.kokkarlino.pl\/?page_id=30"},"modified":"2021-08-12T12:54:03","modified_gmt":"2021-08-12T10:54:03","slug":"wystawy-stale","status":"publish","type":"page","link":"https:\/\/muzeum.kokkarlino.pl\/index.php\/wystawy\/wystawy-stale\/","title":{"rendered":"Wystawa sta\u0142a"},"content":{"rendered":"\n<h4 class=\"entry-title\">OSADNICY W KARLINIE W PIERWSZYCH LATACH POWOJENNYCH, CZYLI JAK WYGL\u0104DA\u0141Y LATA 1945-47<br \/><span style=\"color: #ff0000;\">&#8212;&#8212;&#8212;&#8212;&#8212;&#8212;&#8212;&#8212;&#8212;&#8212;&#8212;&#8212;&#8212;&#8212;&#8212;&#8212;&#8212;&#8212;&#8212;&#8212;&#8212;&#8212;&#8212;-<\/span><\/h4>\n<p style=\"text-align: justify;\">W marcu 1945 roku do Karlina przyby\u0142a pierwsza grupa polskich osadnik\u00f3w, ze Stanis\u0142awem Pawli\u0144skim, Antonim G\u0142uszko, Janem Malinowskim, Henrykiem Szulcem, Stanis\u0142awem Sow\u0105 na czele. Pod koniec kwietnia do\u0142\u0105cza do nich Zygmunt Gruchot i inni osadnicy, m.in. w grupie, znalaz\u0142 si\u0119 Piotr Grynkiewicz, kt\u00f3ry zosta\u0142 pierwszym powojennym burmistrzem Karlina.<br \/>Wystawa pn. \u201eOsadnicy w Karlinie w pierwszych latach powojennych, czyli jak wygl\u0105da\u0142y lata 1945-47\u201d, to przedstawienie jak w tych trudnych latach kszta\u0142towa\u0142o si\u0119 nasze miasto i ca\u0142a struktura organizacyjna naszej ma\u0142ej ojczyzny. Wystawa by\u0142a przygotowana na 20 III 2020 roku. Niestety na wprowadzony stan epidemiczny w naszym kraju musieli\u015bmy odwo\u0142a\u0107 uroczyste otwarcie tego wydarzenia. W zwi\u0105zku z powy\u017cszym musieli\u015bmy u\u017cy\u0107 innych \u015brodk\u00f3w, aby mo\u017cna by\u0142o udost\u0119pni\u0107 tak wa\u017cn\u0105 dla Karlina wystaw\u0119 dotycz\u0105c\u0105 pierwszych osadnik\u00f3w po 1945 roku. Na wystaw\u0119 sk\u0142adaj\u0105 si\u0119 archiwalia przechowywane w Archiwum Muzeum Ziemi Karli\u0144skiej, Archiwum Diecezjalnym w Koszalinie, Archiwum Pa\u0144stwowym w Koszalinie oraz Kroniki Miejskiej Karlina. Uzupe\u0142nieniem wystawy s\u0105 przedmioty wypo\u017cyczone przez Pana Kazimierza W\u00f3jcika, Studio Historyczne Husar oraz zbior\u00f3w Muzeum Ziemi Karli\u0144skiej.<\/p>\n<p>Wystaw\u0119 opracowa\u0142 Krystian Zalewski, a na potrzeby internetu zmontowa\u0142 S\u0142awomir Kuropatwi\u0144ski.<\/p>\n<p><strong>Zapraszamy na wirtualny spacer po wystawie <\/strong><\/p>\n<p><a href=\"http:\/\/www.eleazar7.webd.pro\/?fbclid=IwAR0quPW_4qL2yB5S9buWz7_fEC1ikm2LPSI_0fA-FRbpIUTO6fR4KJuc57o\" target=\"_blank\" rel=\"attachment noopener wp-att-1800 noreferrer\"><img loading=\"lazy\" decoding=\"async\" class=\"aligncenter wp-image-1800 size-large\" src=\"https:\/\/muzeum.kokkarlino.pl\/wp-content\/uploads\/2020\/05\/baner1-1024x546.jpg\" alt=\"\" width=\"1024\" height=\"546\" srcset=\"https:\/\/muzeum.kokkarlino.pl\/wp-content\/uploads\/2020\/05\/baner1-1024x546.jpg 1024w, https:\/\/muzeum.kokkarlino.pl\/wp-content\/uploads\/2020\/05\/baner1-300x160.jpg 300w, https:\/\/muzeum.kokkarlino.pl\/wp-content\/uploads\/2020\/05\/baner1-768x410.jpg 768w, https:\/\/muzeum.kokkarlino.pl\/wp-content\/uploads\/2020\/05\/baner1-1536x819.jpg 1536w, https:\/\/muzeum.kokkarlino.pl\/wp-content\/uploads\/2020\/05\/baner1-660x352.jpg 660w, https:\/\/muzeum.kokkarlino.pl\/wp-content\/uploads\/2020\/05\/baner1-450x240.jpg 450w, https:\/\/muzeum.kokkarlino.pl\/wp-content\/uploads\/2020\/05\/baner1.jpg 1772w\" sizes=\"auto, (max-width: 1024px) 100vw, 1024px\" \/><\/a><\/p>\n","protected":false},"excerpt":{"rendered":"<p>OSADNICY W KARLINIE W PIERWSZYCH LATACH POWOJENNYCH, CZYLI JAK WYGL\u0104DA\u0141Y LATA 1945-47&#8212;&#8212;&#8212;&#8212;&#8212;&#8212;&#8212;&#8212;&#8212;&#8212;&#8212;&#8212;&#8212;&#8212;&#8212;&#8212;&#8212;&#8212;&#8212;&#8212;&#8212;&#8212;&#8212;- W marcu 1945 roku do Karlina przyby\u0142a pierwsza grupa polskich osadnik\u00f3w, ze Stanis\u0142awem Pawli\u0144skim, Antonim G\u0142uszko, Janem Malinowskim, [&hellip;]<\/p>\n","protected":false},"author":1,"featured_media":0,"parent":28,"menu_order":0,"comment_status":"closed","ping_status":"closed","template":"","meta":{"footnotes":""},"class_list":["post-30","page","type-page","status-publish","hentry","clearfix"],"_links":{"self":[{"href":"https:\/\/muzeum.kokkarlino.pl\/index.php\/wp-json\/wp\/v2\/pages\/30","targetHints":{"allow":["GET"]}}],"collection":[{"href":"https:\/\/muzeum.kokkarlino.pl\/index.php\/wp-json\/wp\/v2\/pages"}],"about":[{"href":"https:\/\/muzeum.kokkarlino.pl\/index.php\/wp-json\/wp\/v2\/types\/page"}],"author":[{"embeddable":true,"href":"https:\/\/muzeum.kokkarlino.pl\/index.php\/wp-json\/wp\/v2\/users\/1"}],"replies":[{"embeddable":true,"href":"https:\/\/muzeum.kokkarlino.pl\/index.php\/wp-json\/wp\/v2\/comments?post=30"}],"version-history":[{"count":10,"href":"https:\/\/muzeum.kokkarlino.pl\/index.php\/wp-json\/wp\/v2\/pages\/30\/revisions"}],"predecessor-version":[{"id":2276,"href":"https:\/\/muzeum.kokkarlino.pl\/index.php\/wp-json\/wp\/v2\/pages\/30\/revisions\/2276"}],"up":[{"embeddable":true,"href":"https:\/\/muzeum.kokkarlino.pl\/index.php\/wp-json\/wp\/v2\/pages\/28"}],"wp:attachment":[{"href":"https:\/\/muzeum.kokkarlino.pl\/index.php\/wp-json\/wp\/v2\/media?parent=30"}],"curies":[{"name":"wp","href":"https:\/\/api.w.org\/{rel}","templated":true}]}}