{"id":2639,"date":"2022-08-02T11:21:47","date_gmt":"2022-08-02T09:21:47","guid":{"rendered":"http:\/\/muzeum.kokkarlino.pl\/?page_id=2639"},"modified":"2022-08-02T11:21:48","modified_gmt":"2022-08-02T09:21:48","slug":"dawna-szkola-podstawowa-na-placu-koscielnym","status":"publish","type":"page","link":"https:\/\/muzeum.kokkarlino.pl\/index.php\/dawna-szkola-podstawowa-na-placu-koscielnym\/","title":{"rendered":"Dawna szko\u0142a podstawowa na Placu Ko\u015bcielnym"},"content":{"rendered":"\n<p style=\"text-align: justify;\">Plac Ko\u015bcielny, widok na szko\u0142\u0119 podstawow\u0105, kt\u00f3ra funkcjonowa\u0142a w tym budynku od 1824 \u2013 1931 r. Ju\u017c na pocz\u0105tku XX wieku planowano budow\u0119 dzisiejszej szko\u0142y, jednak po\u017car ratusza i konieczno\u015b\u0107 budowy nowego, op\u00f3\u017ani\u0142y realizacj\u0119 tego planu. Fotografia z lat 30. XX wieku.<\/p>\n<p><img loading=\"lazy\" decoding=\"async\" class=\"aligncenter wp-image-2641 size-large\" src=\"https:\/\/muzeum.kokkarlino.pl\/wp-content\/uploads\/2022\/08\/102-1024x657.jpg\" alt=\"\" width=\"1024\" height=\"657\" srcset=\"https:\/\/muzeum.kokkarlino.pl\/wp-content\/uploads\/2022\/08\/102-1024x657.jpg 1024w, https:\/\/muzeum.kokkarlino.pl\/wp-content\/uploads\/2022\/08\/102-300x193.jpg 300w, https:\/\/muzeum.kokkarlino.pl\/wp-content\/uploads\/2022\/08\/102-768x493.jpg 768w, https:\/\/muzeum.kokkarlino.pl\/wp-content\/uploads\/2022\/08\/102-1536x986.jpg 1536w, https:\/\/muzeum.kokkarlino.pl\/wp-content\/uploads\/2022\/08\/102-2048x1315.jpg 2048w, https:\/\/muzeum.kokkarlino.pl\/wp-content\/uploads\/2022\/08\/102-660x424.jpg 660w, https:\/\/muzeum.kokkarlino.pl\/wp-content\/uploads\/2022\/08\/102-450x289.jpg 450w\" sizes=\"auto, (max-width: 1024px) 100vw, 1024px\" \/><\/p>\n","protected":false},"excerpt":{"rendered":"<p>Plac Ko\u015bcielny, widok na szko\u0142\u0119 podstawow\u0105, kt\u00f3ra funkcjonowa\u0142a w tym budynku od 1824 \u2013 1931 r. Ju\u017c na pocz\u0105tku XX wieku planowano budow\u0119 dzisiejszej szko\u0142y, jednak po\u017car ratusza i konieczno\u015b\u0107 [&hellip;]<\/p>\n","protected":false},"author":1,"featured_media":0,"parent":0,"menu_order":0,"comment_status":"closed","ping_status":"closed","template":"","meta":{"footnotes":""},"class_list":["post-2639","page","type-page","status-publish","hentry","clearfix"],"_links":{"self":[{"href":"https:\/\/muzeum.kokkarlino.pl\/index.php\/wp-json\/wp\/v2\/pages\/2639","targetHints":{"allow":["GET"]}}],"collection":[{"href":"https:\/\/muzeum.kokkarlino.pl\/index.php\/wp-json\/wp\/v2\/pages"}],"about":[{"href":"https:\/\/muzeum.kokkarlino.pl\/index.php\/wp-json\/wp\/v2\/types\/page"}],"author":[{"embeddable":true,"href":"https:\/\/muzeum.kokkarlino.pl\/index.php\/wp-json\/wp\/v2\/users\/1"}],"replies":[{"embeddable":true,"href":"https:\/\/muzeum.kokkarlino.pl\/index.php\/wp-json\/wp\/v2\/comments?post=2639"}],"version-history":[{"count":1,"href":"https:\/\/muzeum.kokkarlino.pl\/index.php\/wp-json\/wp\/v2\/pages\/2639\/revisions"}],"predecessor-version":[{"id":2642,"href":"https:\/\/muzeum.kokkarlino.pl\/index.php\/wp-json\/wp\/v2\/pages\/2639\/revisions\/2642"}],"wp:attachment":[{"href":"https:\/\/muzeum.kokkarlino.pl\/index.php\/wp-json\/wp\/v2\/media?parent=2639"}],"curies":[{"name":"wp","href":"https:\/\/api.w.org\/{rel}","templated":true}]}}