{"id":2199,"date":"2021-03-29T12:16:14","date_gmt":"2021-03-29T10:16:14","guid":{"rendered":"http:\/\/muzeum.kokkarlino.pl\/?page_id=2199"},"modified":"2021-03-29T13:01:03","modified_gmt":"2021-03-29T11:01:03","slug":"deklaracja-dostepnosci","status":"publish","type":"page","link":"https:\/\/muzeum.kokkarlino.pl\/index.php\/deklaracja-dostepnosci\/","title":{"rendered":"Deklaracja dost\u0119pno\u015bci"},"content":{"rendered":"\n<h2 style=\"text-align: center;\"><strong>O\u015aWIADCZENIE W SPRAWIE DOST\u0118PNO\u015aCI<\/strong><\/h2>\n<h3 style=\"text-align: center;\"><strong>DEKLARACJA DOST\u0118PNO\u015aCI CYFROWEJ<br><\/strong><\/h3>\n<p><strong>WST\u0118P<\/strong><\/p>\n<p>Karli\u0144ski O\u015brodek Kultury w Karlinie&nbsp;zobowi\u0105zuje si\u0119 zapewni\u0107 dost\u0119pno\u015b\u0107 swojej strony internetowej zgodnie z ustaw\u0105 z dnia 4 kwietnia 2019 r. o dost\u0119pno\u015bci cyfrowej stron internetowych i aplikacji mobilnych podmiot\u00f3w publicznych. O\u015bwiadczenie w sprawie dost\u0119pno\u015bci ma zastosowanie do&nbsp;<a href=\"https:\/\/muzeum.kokkarlino.pl\/\"><strong>strony internetowej &nbsp;Muzeum Ziemi Karli\u0144skiej<\/strong>.<\/a><\/p>\n<p><strong>DATA PUBLIKACJI<\/strong><\/p>\n<p>Data publikacji strony internetowej: 2016-02-10.<\/p>\n<p><strong>STATUS POD WZGL\u0118DEM ZGODNO\u015aCI Z USTAW\u0104 I METODA OCENY DOST\u0118PNO\u015aCI CYFROWEJ<\/strong><\/p>\n<p>Strona internetowa jest&nbsp;cz\u0119\u015bciowo zgodna&nbsp;z ustaw\u0105 z dnia 4 kwietnia 2019 r. o dost\u0119pno\u015bci cyfrowej stron internetowych i aplikacji mobilnych podmiot\u00f3w publicznych .<\/p>\n<p>W Karli\u0144skim O\u015brodku Kultury w Karlinie dla strony&nbsp; <a href=\"https:\/\/muzeum.kokkarlino.pl\">https:\/\/muzeum.kokkarlino.pl<\/a> &nbsp;przeprowadzono samoocen\u0119 dost\u0119pno\u015bci dla os\u00f3b niepe\u0142nosprawnych oraz skorzystano z dost\u0119pnego narz\u0119dzia do oceny strony:&nbsp;<strong>Test \u2013 European Internet Inclusion Initiative,<\/strong>&nbsp;(pod adresem internetowym:&nbsp;<a href=\"http:\/\/checkers.eiii.eu\/\">http:\/\/checkers.eiii.eu\/<\/a>&nbsp;), z kt\u00f3rego wynika, \u017ce:<br><strong>STRONA INTERNETOWA&nbsp; <\/strong><a href=\"https:\/\/muzeum.kokkarlino.pl\">https:\/\/muzeum.kokkarlino.pl<\/a>&nbsp; <strong>SPE\u0141NIA WYMAGANIA W&nbsp;93%.<br><br><\/strong><\/p>\n<p>Strona internetowa&nbsp;jest cz\u0119\u015bciowo zgodna z wytycznymi dla dost\u0119pno\u015bci tre\u015bci internetowych w zakresie dost\u0119pno\u015bci dla os\u00f3b niepe\u0142nosprawnych (za\u0142\u0105cznik do ustawy z dnia 4 kwietnia 2019r. poz. 848), z powodu niezgodno\u015bci wymienionych poni\u017cej:<\/p>\n<ul>\n<li>Brak &nbsp;opis\u00f3w zdj\u0119\u0107, tekstu alternatywnego (przesuwane zdj\u0119cia, tzw. slider) dla czytnik\u00f3w obs\u0142ugiwanych przez osoby niepe\u0142nosprawne (trwaj\u0105 prace nad uzupe\u0142nianiem tych opis\u00f3w)<\/li>\n<li>Brak opisu tekstowego modu\u0142u wyszukiwania informacji dla os\u00f3b niepe\u0142nosprawnych.<\/li>\n<li>Wyst\u0119puj\u0105 linki prowadz\u0105ce do materia\u0142\u00f3w na innych stronach\/podstronach, kt\u00f3re nie zawieraj\u0105 tre\u015bci tekstowej, kt\u00f3r\u0105 mog\u0105 odczyta\u0107 programy dla niepe\u0142nosprawnych.<\/li>\n<li>Filmy i materia\u0142y audio nie posiadaj\u0105 napis\u00f3w oraz audiodeskrypcji dla os\u00f3b niepe\u0142nosprawnych<\/li>\n<li>Mog\u0105 wyst\u0119powa\u0107 dokumenty w formacie PDF , kt\u00f3re nie s\u0105 dokumentami edytowalnymi.<\/li>\n<li>za\u0142\u0105czone mapy nie podlegaj\u0105 ocenie, poniewa\u017c mapy s\u0105 wy\u0142\u0105czone z obowi\u0105zku zapewnienia dost\u0119pno\u015bci.<\/li>\n<\/ul>\n<p><strong>DATA SPORZ\u0104DZENIA DEKLARACJI<\/strong><\/p>\n<p>O\u015bwiadczenie sporz\u0105dzono dnia:&nbsp;2021-03-29.<\/p>\n<p><strong>SKR\u00d3TY KLAWIATUROWE i U\u0141ATWIENIA DLA OS\u00d3B NIEPE\u0141NOSPRAWNYCH<\/strong><\/p>\n<p>Na stronie internetowej mo\u017cna u\u017cywa\u0107 standardowych skr\u00f3t\u00f3w klawiaturowych przegl\u0105darki oraz mo\u017cna dodatkowo korzysta\u0107 z zestawu narz\u0119dzi zwi\u0119kszaj\u0105cych dost\u0119pno\u015b\u0107 strony dla os\u00f3b niepe\u0142nosprawnych poprzez zmian\u0119 parametr\u00f3w wy\u015bwietlania strony:<\/p>\n<ul>\n<li>powi\u0119kszanie lub pomniejszanie tekstu,<\/li>\n<li>wysoki kontrast,<\/li>\n<li>jasne t\u0142o,<\/li>\n<li>podkre\u015blanie odno\u015bnik\u00f3w,<\/li>\n<li>odcienie szaro\u015bci,<\/li>\n<li>negatyw,<\/li>\n<\/ul>\n<p><strong>INFORMACJE ZWROTNE I DANE KONTAKTOWE<\/strong><\/p>\n<p>W przypadku problem\u00f3w z dost\u0119pno\u015bci\u0105 strony internetowej prosimy o kontakt z koordynatorem do spraw dost\u0119pno\u015bci Wies\u0142aw\u0105 Kunach dzwoni\u0105c na numer telefonu 94 3117784 lub e-mail <a href=\"mailto:biuro@kokarlino.pl\">biuro@kokarlino.pl<\/a>. T\u0105 sam\u0105 drog\u0105 mo\u017cna sk\u0142ada\u0107 wnioski o udost\u0119pnienie informacji niedost\u0119pnej oraz sk\u0142ada\u0107 skargi na brak zapewnienia dost\u0119pno\u015bci.<\/p>\n<p><strong>INFORMACJE NA TEMAT PROCEDURY<\/strong><\/p>\n<p>Ka\u017cdy ma prawo do wyst\u0105pienia z \u017c\u0105daniem zapewnienia dost\u0119pno\u015bci cyfrowej strony internetowej, aplikacji mobilnej lub jakiego\u015b ich elementu. Mo\u017cna tak\u017ce za\u017c\u0105da\u0107 udost\u0119pnienia informacji za pomoc\u0105 alternatywnego sposobu dost\u0119pu, na przyk\u0142ad przez odczytanie niedost\u0119pnego cyfrowo dokumentu, opisanie zawarto\u015bci filmu bez audiodeskrypcji itp. \u017b\u0105danie powinno zawiera\u0107 dane osoby zg\u0142aszaj\u0105cej \u017c\u0105danie, wskazanie, o kt\u00f3r\u0105 stron\u0119 internetow\u0105 lub aplikacj\u0119 mobiln\u0105 chodzi oraz spos\u00f3b kontaktu. Je\u017celi osoba \u017c\u0105daj\u0105ca zg\u0142asza potrzeb\u0119 otrzymania informacji za pomoc\u0105 alternatywnego sposobu dost\u0119pu, powinna tak\u017ce okre\u015bli\u0107 dogodny dla niej spos\u00f3b przedstawienia tej informacji. Podmiot publiczny powinien zrealizowa\u0107 \u017c\u0105danie niezw\u0142ocznie, nie p\u00f3\u017aniej ni\u017c w ci\u0105gu 7 dni od dnia wyst\u0105pienia z \u017c\u0105daniem. Je\u017celi dotrzymanie tego terminu nie jest mo\u017cliwe, podmiot publiczny niezw\u0142ocznie informuje o tym wnosz\u0105cego \u017c\u0105danie, kiedy realizacja \u017c\u0105dania b\u0119dzie mo\u017cliwa, przy czym termin ten nie mo\u017ce by\u0107 d\u0142u\u017cszy ni\u017c 2 miesi\u0105ce od dnia wyst\u0105pienia z \u017c\u0105daniem. Je\u017celi zapewnienie dost\u0119pno\u015bci cyfrowej nie jest mo\u017cliwe, podmiot publiczny mo\u017ce zaproponowa\u0107 alternatywny spos\u00f3b dost\u0119pu do informacji. W przypadku, gdy podmiot publiczny odm\u00f3wi realizacji \u017c\u0105dania zapewnienia dost\u0119pno\u015bci lub alternatywnego sposobu dost\u0119pu do informacji, wnosz\u0105cy \u017c\u0105danie mo\u017ce z\u0142o\u017cy\u0107 skarg\u0119 w sprawie zapewniana dost\u0119pno\u015bci cyfrowej strony internetowej, aplikacji mobilnej lub elementu strony internetowej, lub aplikacji mobilnej. Po wyczerpaniu wskazanej wy\u017cej procedury mo\u017cna tak\u017ce z\u0142o\u017cy\u0107 wniosek do Rzecznika Praw Obywatelskich.<\/p>\n<p><a href=\"https:\/\/www.rpo.gov.pl\/\"><strong>Klikaj\u0105c ten link przejd\u017a do strony Rzecznika Praw Obywatelskich<\/strong><\/a><\/p>\n<p>&nbsp;<\/p>\n\n\n\n<h3 style=\"text-align: center;\">DEKLARACJA DOST\u0118PNO\u015aCI ARCHITEKTONICZNEJ<\/h3>\n<p>\u00a0<\/p>\n<p style=\"text-align: center;\"><strong>Karli\u0144ski O\u015brodek Kultury w Karlinie mie\u015bci si\u0119 w 3 lokalizacjach:<\/strong><\/p>\n<p><strong>Karli\u0144ski O\u015brodek Kultury w Karlinie, ul. Parkowa 1<\/strong><\/p>\n<p>Do budynku prowadz\u0105 dwa wej\u015bcia A i B. Wej\u015bcie A od ul. Parkowej. Wej\u015bcie B od parkingu. Oba wej\u015bcia dost\u0119pne dla w\u00f3zk\u00f3w.<\/p>\n<p>Dla os\u00f3b na w\u00f3zkach dost\u0119pny jest korytarz na parterze i pierwszym pi\u0119trze, a tak\u017ce wszystkie pomieszczenia na obu kondygnacjach. Na dole przy wej\u015bciu jest dzwonek, kt\u00f3rym mo\u017cna przywo\u0142a\u0107 pracownika.\u00a0W budynku znajduje si\u0119 winda dost\u0119pna dla w\u00f3zk\u00f3w.<\/p>\n<p>Sekretariat znajduje si\u0119 na pierwszym pi\u0119trze, naprzeciwko windy.<\/p>\n<p>Na parterze znajduje si\u0119 toaleta przystosowana dla os\u00f3b niepe\u0142nosprawnych.<\/p>\n<p>Do budynku i wszystkich jego pomieszcze\u0144 mo\u017cna wej\u015b\u0107 z psem asystuj\u0105cym i psem przewodnikiem.<\/p>\n<p>W budynku nie ma p\u0119tli indukcyjnych.<\/p>\n<p>W budynku nie ma oznacze\u0144 w alfabecie brajla ani oznacze\u0144 kontrastowych lub w druku powi\u0119kszonym dla os\u00f3b niewidomych i s\u0142abowidz\u0105cych.<\/p>\n<p><strong>Muzeum Ziemi Karli\u0144skiej, ul. Szymanowskiego 17, III pi\u0119tro<\/strong><\/p>\n<p>Do budynku prowadz\u0105 dwa wej\u015bcia A i B. Wej\u015bcia A od ul. Wigury. Do wej\u015bcia prowadz\u0105 schody. Wej\u015bcie B od parkingu poprzez wind\u0119 dost\u0119pn\u0105 dla w\u00f3zk\u00f3w. Dla os\u00f3b na w\u00f3zkach dost\u0119pny jest korytarz i pokoje.<\/p>\n<p>Biuro znajduje si\u0119 po lewej stronie od wej\u015bcia lub windy.<\/p>\n<p>Przed budynkiem wyznaczono 2 miejsca parkingowe dla os\u00f3b niepe\u0142nosprawnych.<\/p>\n<p>Na drugim pi\u0119trze jest toaleta przystosowana dla os\u00f3b niepe\u0142nosprawnych.<\/p>\n<p>Do budynku i wszystkich jego pomieszcze\u0144 mo\u017cna wej\u015b\u0107 z psem asystuj\u0105cym i psem przewodnikiem.<\/p>\n<p>W budynku nie ma p\u0119tli indukcyjnych.<\/p>\n<p>W budynku nie ma oznacze\u0144 w alfabecie brajla ani oznacze\u0144 kontrastowych lub w druku powi\u0119kszonym dla os\u00f3b niewidomych i s\u0142abowidz\u0105cych.<\/p>\n<p>W biurze promocji, na parterze mo\u017cna skorzysta\u0107 z t\u0142umacza polskiego j\u0119zyka migowego. Us\u0142uga jest dost\u0119pna w godzinach pracy Muzeum. Us\u0142uga jest bezp\u0142atna dla os\u00f3b g\u0142uchych.<\/p>\n<p><strong>Miejska i Gminna Biblioteka Publiczna im. Zofii Na\u0142kowskiej w Karlinie, ul. Traugutta 6<\/strong><\/p>\n<p>Do budynku prowadzi wej\u015bcie od ul. Traugutta. Do wej\u015bcia prowadz\u0105 schody. Przy schodach znajduje si\u0119 podjazd dla w\u00f3zk\u00f3w.<\/p>\n<p>Dla os\u00f3b na w\u00f3zkach dost\u0119pny jest korytarz i wszystkie pomieszczenia. Budynek jest jednokondygnacyjny.<\/p>\n<p>W budynku znajduje si\u0119 toaleta przystosowana dla os\u00f3b niepe\u0142nosprawnych.<\/p>\n<p>Do budynku i wszystkich jego pomieszcze\u0144 mo\u017cna wej\u015b\u0107 z psem asystuj\u0105cym i psem przewodnikiem.<\/p>\n<p>W Bibliotece nie ma p\u0119tli indukcyjnych.<\/p>\n<p>W budynku nie ma oznacze\u0144 w alfabecie brajla ani oznacze\u0144 kontrastowych lub w druku powi\u0119kszonym dla os\u00f3b niewidomych i s\u0142abowidz\u0105cych.<\/p>\n<p><strong>Amfiteatr Miejski w Karlinie ul. Moniuszki 21<\/strong><\/p>\n<p>Wy\u0142\u0105czony z u\u017cytku do 31.12.2025<\/p>\n<p><strong>\u015awietlica wiejska w Daszewie,\u00a0 Daszewo 51 <\/strong><\/p>\n<p>Do budynku prowadzi jedno wej\u015bcie dost\u0119pne dla w\u00f3zk\u00f3w.<\/p>\n<p>Dla os\u00f3b na w\u00f3zkach\u00a0 nie jest dost\u0119pny korytarz ani \u017cadne pomieszczenia.<\/p>\n<p>W budynku brakuje toalety dla niepe\u0142nosprawnych.<\/p>\n<p>Do budynku i wszystkich jego pomieszcze\u0144 mo\u017cna wej\u015b\u0107 z psem asystuj\u0105cym i psem przewodnikiem.<\/p>\n<p>W \u015bwietlicy nie ma p\u0119tli indukcyjnych.<\/p>\n<p>W budynku nie ma oznacze\u0144 w alfabecie brajla ani oznacze\u0144 kontrastowych lub w druku powi\u0119kszonym dla os\u00f3b niewidomych i s\u0142abowidz\u0105cych.<\/p>\n<p><strong>\u015awietlica wiejska w Domacynie , <\/strong><strong>Domacyno 3 <\/strong><\/p>\n<p>Do budynku prowadz\u0105 dwa wej\u015bcia A i B. Wej\u015bcie A od ulicy g\u0142\u00f3wnej. Wej\u015bcie B od parkingu. Oba wej\u015bcia dost\u0119pne dla w\u00f3zk\u00f3w.<\/p>\n<p>Dla os\u00f3b na w\u00f3zkach dost\u0119pny jest korytarz i wszystkie pomieszczenia.<\/p>\n<p>W budynku brakuje toalety dla niepe\u0142nosprawnych.<\/p>\n<p>Do budynku i wszystkich jego pomieszcze\u0144 mo\u017cna wej\u015b\u0107 z psem asystuj\u0105cym i psem przewodnikiem.<\/p>\n<p>W \u015bwietlicy nie ma p\u0119tli indukcyjnych.<\/p>\n<p>W budynku nie ma oznacze\u0144 w alfabecie brajla ani oznacze\u0144 kontrastowych lub w druku powi\u0119kszonym dla os\u00f3b niewidomych i s\u0142abowidz\u0105cych.<\/p>\n<p><strong>\u015awietlica wiejska w Garnkach, <\/strong><strong>Garnki 6<\/strong><\/p>\n<p>Do budynku prowadzi jedno wej\u015bcie ze schodkiem.<\/p>\n<p>Dla os\u00f3b na w\u00f3zkach\u00a0 nie jest dost\u0119pny korytarz ani \u017cadne pomieszczenia.<\/p>\n<p>W budynku brakuje toalety dla niepe\u0142nosprawnych.<\/p>\n<p>Do budynku i wszystkich jego pomieszcze\u0144 mo\u017cna wej\u015b\u0107 z psem asystuj\u0105cym i psem przewodnikiem.<\/p>\n<p>W \u015bwietlicy nie ma p\u0119tli indukcyjnych.<\/p>\n<p>W budynku nie ma oznacze\u0144 w alfabecie brajla ani oznacze\u0144 kontrastowych lub w druku powi\u0119kszonym dla os\u00f3b niewidomych i s\u0142abowidz\u0105cych.<\/p>\n<p><strong>\u015awietlica wiejska w Go\u015bcinku, <\/strong><strong>Go\u015bcinko 1<\/strong><\/p>\n<p>Do budynku prowadz\u0105 dwa wej\u015bcia A i B. Wej\u015bcie A od parkingu. Do wej\u015bcia prowadz\u0105 schody. Przy schodach znajduje si\u0119 podjazd dla w\u00f3zk\u00f3w. \u00a0Wej\u015bcie B od ulicy dost\u0119pne dla w\u00f3zk\u00f3w.<\/p>\n<p>Dla os\u00f3b na w\u00f3zkach dost\u0119pny jest korytarz i wszystkie pomieszczenia.<\/p>\n<p>Znajduje si\u0119 toaleta przystosowana dla os\u00f3b niepe\u0142nosprawnych.<\/p>\n<p>Do budynku i wszystkich jego pomieszcze\u0144 mo\u017cna wej\u015b\u0107 z psem asystuj\u0105cym i psem przewodnikiem.<\/p>\n<p>W budynku nie ma p\u0119tli indukcyjnych.<\/p>\n<p>W budynku nie ma oznacze\u0144 w alfabecie brajla ani oznacze\u0144 kontrastowych lub w druku powi\u0119kszonym dla os\u00f3b niewidomych i s\u0142abowidz\u0105cych.<\/p>\n<p><strong>\u015awietlica wiejska w Karlinku, <\/strong><strong>Karlinko 9<\/strong><\/p>\n<p>Do budynku prowadz\u0105 dwa wej\u015bcia A i B. Wej\u015bcie A od parkingu. Do wej\u015bcia prowadzi schodek. Przy schodku znajduje si\u0119 podjazd dla w\u00f3zk\u00f3w. \u00a0Wej\u015bcie B dost\u0119pne dla w\u00f3zk\u00f3w.<\/p>\n<p>Dla os\u00f3b na w\u00f3zkach dost\u0119pny jest korytarz i wszystkie pomieszczenia.<\/p>\n<p>Znajduje si\u0119 toaleta przystosowana dla os\u00f3b niepe\u0142nosprawnych.<\/p>\n<p>Do budynku i wszystkich jego pomieszcze\u0144 mo\u017cna wej\u015b\u0107 z psem asystuj\u0105cym i psem przewodnikiem.<\/p>\n<p>W budynku nie ma p\u0119tli indukcyjnych.<\/p>\n<p>W budynku nie ma oznacze\u0144 w alfabecie brajla ani oznacze\u0144 kontrastowych lub w druku powi\u0119kszonym dla os\u00f3b niewidomych i s\u0142abowidz\u0105cych.<\/p>\n<p><strong>\u015awietlica wiejska w Kowa\u0144czu, <\/strong><strong>Kowa\u0144cz 35<\/strong><\/p>\n<p>Do budynku prowadzi jedno wej\u015bcie ze schodami<\/p>\n<p>Dla os\u00f3b na w\u00f3zkach\u00a0 nie jest dost\u0119pny korytarz ani \u017cadne pomieszczenia.<\/p>\n<p>W budynku brakuje toalety dla niepe\u0142nosprawnych.<\/p>\n<p>Do budynku i wszystkich jego pomieszcze\u0144 mo\u017cna wej\u015b\u0107 z psem asystuj\u0105cym i psem przewodnikiem.<\/p>\n<p>W \u015bwietlicy nie ma p\u0119tli indukcyjnych.<\/p>\n<p>W budynku nie ma oznacze\u0144 w alfabecie brajla ani oznacze\u0144 kontrastowych lub w druku powi\u0119kszonym dla os\u00f3b niewidomych i s\u0142abowidz\u0105cych.<\/p>\n<p><strong>\u015awietlica wiejska w Koziej G\u00f3rze, <\/strong><strong>Kozia G\u00f3ra 11D<\/strong><\/p>\n<p>Do budynku prowadz\u0105 dwa wej\u015bcia A i B. Wej\u015bcie A od parkingu. Oba wej\u015bcia dost\u0119pne dla w\u00f3zk\u00f3w.<\/p>\n<p>Dla os\u00f3b na w\u00f3zkach dost\u0119pny jest korytarz i wszystkie pomieszczenia.<\/p>\n<p>W budynku brakuje toalety dla niepe\u0142nosprawnych.<\/p>\n<p>Do budynku i wszystkich jego pomieszcze\u0144 mo\u017cna wej\u015b\u0107 z psem asystuj\u0105cym i psem przewodnikiem.<\/p>\n<p>W \u015bwietlicy nie ma p\u0119tli indukcyjnych.<\/p>\n<p>W budynku nie ma oznacze\u0144 w alfabecie brajla ani oznacze\u0144 kontrastowych lub w druku powi\u0119kszonym dla os\u00f3b niewidomych i s\u0142abowidz\u0105cych.<\/p>\n<p><strong>\u015awietlica wiejska w Krukowie, <\/strong><strong>Krukowo 17<\/strong><\/p>\n<p>Do budynku prowadz\u0105 dwa wej\u015bcia A i B. Wej\u015bcie A od podw\u00f3rka. Wej\u015bcie B od ulicy. Oba wej\u015bcia posiadaj\u0105 schody.<\/p>\n<p>Dla os\u00f3b na w\u00f3zkach\u00a0 nie jest dost\u0119pny korytarz ani \u017cadne pomieszczenia.<\/p>\n<p>W budynku brakuje toalety dla niepe\u0142nosprawnych.<\/p>\n<p>Do budynku i wszystkich jego pomieszcze\u0144 mo\u017cna wej\u015b\u0107 z psem asystuj\u0105cym i psem przewodnikiem.<\/p>\n<p>W \u015bwietlicy nie ma p\u0119tli indukcyjnych.<\/p>\n<p>W budynku nie ma oznacze\u0144 w alfabecie brajla ani oznacze\u0144 kontrastowych lub w druku powi\u0119kszonym dla os\u00f3b niewidomych i s\u0142abowidz\u0105cych.<\/p>\n<p><strong>\u015awietlica wiejska w Lubiechowie, Lubiechowo 18<\/strong><\/p>\n<p>Do budynku prowadzi jedno wej\u015bcie ze schodami<\/p>\n<p>Dla os\u00f3b na w\u00f3zkach\u00a0 nie jest dost\u0119pny korytarz ani \u017cadne pomieszczenia.<\/p>\n<p>W budynku brakuje toalety dla niepe\u0142nosprawnych.<\/p>\n<p>Do budynku i wszystkich jego pomieszcze\u0144 mo\u017cna wej\u015b\u0107 z psem asystuj\u0105cym i psem przewodnikiem.<\/p>\n<p>W \u015bwietlicy nie ma p\u0119tli indukcyjnych.<\/p>\n<p>W budynku nie ma oznacze\u0144 w alfabecie brajla ani oznacze\u0144 kontrastowych lub w druku powi\u0119kszonym dla os\u00f3b niewidomych i s\u0142abowidz\u0105cych.<\/p>\n<p><strong>\u015awietlica wiejska w Malonowie, <\/strong><strong>Malonowo<\/strong> 7<\/p>\n<p>Do budynku prowadzi jedno wej\u015bcie ze schodami<\/p>\n<p>Dla os\u00f3b na w\u00f3zkach\u00a0 dost\u0119pny jest korytarz oraz wszystkie pomieszczenia.<\/p>\n<p>W budynku brakuje toalety dla niepe\u0142nosprawnych.<\/p>\n<p>Do budynku i wszystkich jego pomieszcze\u0144 mo\u017cna wej\u015b\u0107 z psem asystuj\u0105cym i psem przewodnikiem.<\/p>\n<p>W \u015bwietlicy nie ma p\u0119tli indukcyjnych.<\/p>\n<p>W budynku nie ma oznacze\u0144 w alfabecie brajla ani oznacze\u0144 kontrastowych lub w druku powi\u0119kszonym dla os\u00f3b niewidomych i s\u0142abowidz\u0105cych.<\/p>\n<p><strong>\u015awietlica wiejska w Mierzynie, <\/strong><strong>Mierzyn 1A<\/strong><\/p>\n<p>Do budynku prowadz\u0105 dwa wej\u015bcia A i B. Wej\u015bcie A od parkingu. Do wej\u015bcia prowadz\u0105 schody. Przy schodach znajduje si\u0119 podjazd dla w\u00f3zk\u00f3w. Do wej\u015bcia B prowadzi schodek.<\/p>\n<p>Dla os\u00f3b na w\u00f3zkach dost\u0119pny jest korytarz i wszystkie pomieszczenia.<\/p>\n<p>W budynku brakuje toalety dla niepe\u0142nosprawnych.<\/p>\n<p>Do budynku i wszystkich jego pomieszcze\u0144 mo\u017cna wej\u015b\u0107 z psem asystuj\u0105cym i psem przewodnikiem.<\/p>\n<p>W \u015bwietlicy nie ma p\u0119tli indukcyjnych.<\/p>\n<p>W budynku nie ma oznacze\u0144 w alfabecie brajla ani oznacze\u0144 kontrastowych lub w druku powi\u0119kszonym dla os\u00f3b niewidomych i s\u0142abowidz\u0105cych.<\/p>\n<p><strong><em>\u00a0<\/em><\/strong><strong>\u015awietlica wiejska w Pob\u0142ociu Wielkim, <\/strong><strong>Pob\u0142ocie Wielkie 8A<\/strong><\/p>\n<p>Do budynku prowadz\u0105 dwa wej\u015bcia A i B. Wej\u015bcie A od parkingu. Do obu wej\u015b\u0107 prowadzi schodek.<\/p>\n<p>Dla os\u00f3b na w\u00f3zkach dost\u0119pny jest korytarz i wszystkie pomieszczenia.<\/p>\n<p>W budynku brakuje toalety dla niepe\u0142nosprawnych.<\/p>\n<p>Do budynku i wszystkich jego pomieszcze\u0144 mo\u017cna wej\u015b\u0107 z psem asystuj\u0105cym i psem przewodnikiem.<\/p>\n<p>W \u015bwietlicy nie ma p\u0119tli indukcyjnych.<\/p>\n<p>W budynku nie ma oznacze\u0144 w alfabecie brajla ani oznacze\u0144 kontrastowych lub w druku powi\u0119kszonym dla os\u00f3b niewidomych i s\u0142abowidz\u0105cych.<\/p>\n<p><strong>\u015awietlica wiejska w Syrkowicach, <\/strong><strong>Syrkowice 4A<\/strong><\/p>\n<p>Do budynku prowadz\u0105 dwa wej\u015bcia A i B. Wej\u015bcie A od parkingu. Do obu wej\u015b\u0107 prowadzi podjazd.<\/p>\n<p>Dla os\u00f3b na w\u00f3zkach dost\u0119pny jest korytarz i wszystkie pomieszczenia.<\/p>\n<p>W budynku brakuje toalety dla niepe\u0142nosprawnych.<\/p>\n<p>Do budynku i wszystkich jego pomieszcze\u0144 mo\u017cna wej\u015b\u0107 z psem asystuj\u0105cym i psem przewodnikiem.<\/p>\n<p>W \u015bwietlicy nie ma p\u0119tli indukcyjnych.<\/p>\n<p>W budynku nie ma oznacze\u0144 w alfabecie brajla ani oznacze\u0144 kontrastowych lub w druku powi\u0119kszonym dla os\u00f3b niewidomych i s\u0142abowidz\u0105cych.<\/p>\n<p><strong>\u015awietlica wiejska w Ubys\u0142awicach, <\/strong><strong>Ubys\u0142awice 25<\/strong><\/p>\n<p>Do budynku prowadzi jedno wej\u015bcie do kt\u00f3rego prowadz\u0105 schody.<\/p>\n<p>Dla os\u00f3b na w\u00f3zkach\u00a0 nie jest dost\u0119pny korytarz ani \u017cadne pomieszczenia.<\/p>\n<p>W budynku brakuje toalety dla niepe\u0142nosprawnych.<\/p>\n<p>Do budynku i wszystkich jego pomieszcze\u0144 mo\u017cna wej\u015b\u0107 z psem asystuj\u0105cym i psem przewodnikiem.<\/p>\n<p>W \u015bwietlicy nie ma p\u0119tli indukcyjnych.<\/p>\n<p>W budynku nie ma oznacze\u0144 w alfabecie brajla ani oznacze\u0144 kontrastowych lub w druku powi\u0119kszonym dla os\u00f3b niewidomych i s\u0142abowidz\u0105cych.<\/p>\n<p><strong>\u015awietlica wiejska w Zwartowie,<\/strong><strong> Zwartowo 17<\/strong><\/p>\n<p>Do budynku prowadz\u0105 trzy wej\u015bcia A, B i C. Wej\u015bcie A i B od ulicy. Do obu wej\u015b\u0107 prowadz\u0105 schody. Wej\u015bcie C od parkingu. Do wej\u015bcia prowadz\u0105 schody.<\/p>\n<p>Dla os\u00f3b na w\u00f3zkach\u00a0 nie jest dost\u0119pny korytarz ani \u017cadne pomieszczenia.<\/p>\n<p>W budynku brakuje toalety dla niepe\u0142nosprawnych.<\/p>\n<p>Do budynku i wszystkich jego pomieszcze\u0144 mo\u017cna wej\u015b\u0107 z psem asystuj\u0105cym i psem przewodnikiem.<\/p>\n<p>W \u015bwietlicy nie ma p\u0119tli indukcyjnych.<\/p>\n<p>W budynku nie ma oznacze\u0144 w alfabecie brajla ani oznacze\u0144 kontrastowych lub w druku powi\u0119kszonym dla os\u00f3b niewidomych i s\u0142abowidz\u0105cych.<\/p>\n<p>\u00a0<\/p>\n<p>\u00a0<\/p>\n<p>\u00a0<\/p>\n<p><strong><em>\u00a0<\/em><\/strong><\/p>\n<p>\u00a0<\/p>\n<p>\u00a0<\/p>\n<p>\u00a0<\/p>\n<p>\u00a0<\/p>\n","protected":false},"excerpt":{"rendered":"<p>O\u015aWIADCZENIE W SPRAWIE DOST\u0118PNO\u015aCI DEKLARACJA DOST\u0118PNO\u015aCI CYFROWEJ WST\u0118P Karli\u0144ski O\u015brodek Kultury w Karlinie&nbsp;zobowi\u0105zuje si\u0119 zapewni\u0107 dost\u0119pno\u015b\u0107 swojej strony internetowej zgodnie z ustaw\u0105 z dnia 4 kwietnia 2019 r. o dost\u0119pno\u015bci [&hellip;]<\/p>\n","protected":false},"author":1,"featured_media":0,"parent":0,"menu_order":0,"comment_status":"closed","ping_status":"closed","template":"","meta":{"footnotes":""},"class_list":["post-2199","page","type-page","status-publish","hentry","clearfix"],"_links":{"self":[{"href":"https:\/\/muzeum.kokkarlino.pl\/index.php\/wp-json\/wp\/v2\/pages\/2199","targetHints":{"allow":["GET"]}}],"collection":[{"href":"https:\/\/muzeum.kokkarlino.pl\/index.php\/wp-json\/wp\/v2\/pages"}],"about":[{"href":"https:\/\/muzeum.kokkarlino.pl\/index.php\/wp-json\/wp\/v2\/types\/page"}],"author":[{"embeddable":true,"href":"https:\/\/muzeum.kokkarlino.pl\/index.php\/wp-json\/wp\/v2\/users\/1"}],"replies":[{"embeddable":true,"href":"https:\/\/muzeum.kokkarlino.pl\/index.php\/wp-json\/wp\/v2\/comments?post=2199"}],"version-history":[{"count":5,"href":"https:\/\/muzeum.kokkarlino.pl\/index.php\/wp-json\/wp\/v2\/pages\/2199\/revisions"}],"predecessor-version":[{"id":2206,"href":"https:\/\/muzeum.kokkarlino.pl\/index.php\/wp-json\/wp\/v2\/pages\/2199\/revisions\/2206"}],"wp:attachment":[{"href":"https:\/\/muzeum.kokkarlino.pl\/index.php\/wp-json\/wp\/v2\/media?parent=2199"}],"curies":[{"name":"wp","href":"https:\/\/api.w.org\/{rel}","templated":true}]}}